
5, 7, 53, 1089359
What are the prime factors of 2534972537?
67, 37835411
List the prime factors of 73306303.
7, 213721
What are the prime factors of 322941031?
7, 53, 870461
List the prime factors of 66553365.
3, 5, 4436891
What are the prime factors of 3206705775?
3, 5, 7, 13, 67121
What are the prime factors of 34584299?
34584299
List the prime factors of 243146454.
2, 3, 31, 42169
List the prime factors of 8108325.
3, 5, 36037
List the prime factors of 1367627581.
19, 71980399
What are the prime factors of 13566286?
2, 6783143
What are the prime factors of 7386058691?
11, 29, 23153789
List the prime factors of 703770431.
7, 13, 19, 491, 829
List the prime factors of 91279376.
2, 31, 184031
What are the prime factors of 548174458?
2, 13, 21083633
What are the prime factors of 1051209038?
2, 11, 4343839
What are the prime factors of 2435341461?
3, 7, 97, 167, 7159
List the prime factors of 701331174.
2, 3, 919, 42397
What are the prime factors of 52711776?
2, 3, 13, 19
What are the prime factors of 937151375?
5, 113, 66347
What are the prime factors of 88760060?
2, 5, 17, 261059
List the prime factors of 275918688.
2, 3, 958051
What are the prime factors of 155161400?
2, 5, 775807
What are the prime factors of 513158324?
2, 7, 97, 188939
What are the prime factors of 351584428?
2, 13, 6761239
What are the prime factors of 1219385459?
1219385459
What are the prime factors of 562824818?
2, 281412409
List the prime factors of 851207482.
2, 425603741
What are the prime factors of 265097472?
2, 3, 41, 8419
List the prime factors of 4028771039.
19, 212040581
What are the prime factors of 1692920548?
2, 11, 38475467
What are the prime factors of 918722760?
2, 3, 5, 67, 114269
List the prime factors of 3081821839.
3081821839
What are the prime factors of 4122953909?
32719, 126011
List the prime factors of 6478873985.
5, 31, 2719, 15373
List the prime factors of 104719223.
7, 359, 5953
List the prime factors of 3470656953.
3, 1156885651
List the prime factors of 539257633.
103, 193, 27127
List the prime factors of 775754881.
11, 31, 47, 97, 499
List the prime factors of 838217897.
11, 31, 59, 61, 683
What are the prime factors of 1536709907?
23977, 64091
What are the prime factors of 9724886?
2, 31, 101, 1553
What are the prime factors of 14242253?
1381, 10313
List the prime factors of 6057897031.
6057897031
What are the prime factors of 1073270143?
11, 97570013
List the prime factors of 4154216617.
27509, 151013
List the prime factors of 540596952.
2, 3, 7, 1072613
List the prime factors of 505834833.
3, 7, 24087373
List the prime factors of 43791112.
2, 5473889
What are the prime factors of 26965976?
2, 53, 63599
What are the prime factors of 4679224539?
3, 11, 61, 2324503
What are the prime factors of 47140110?
2, 3, 5, 23, 7591
What are the prime factors of 21747704?
2, 11, 19, 13007
What are the prime factors of 27367291?
7, 3909613
What are the prime factors of 2877012196?
2, 3457, 208057
List the prime factors of 5857144683.
3, 13, 461, 325777
What are the prime factors of 2937869433?
3, 17, 19, 112291
List the prime factors of 1831190744.
2, 228898843
List the prime factors of 661995349.
1871, 353819
What are the prime factors of 82186541?
193, 425837
List the prime factors of 1491294428.
2, 13, 28678739
What are the prime factors of 132049745?
5, 89, 296741
List the prime factors of 228915198.
2, 3, 12717511
List the prime factors of 64717336.
2, 31, 59, 4423
What are the prime factors of 1925814632?
2, 7, 34389547
What are the prime factors of 116346689?
31, 1571, 2389
List the prime factors of 97130960.
2, 5, 1214137
List the prime factors of 547458075.
3, 5, 23, 179, 197
List the prime factors of 205683847.
79, 1361, 1913
What are the prime factors of 146291750?
2, 5, 11, 53197
List the prime factors of 65493206.
2, 32746603
List the prime factors of 20643773.
157, 131489
List the prime factors of 1160925944.
2, 31, 47, 137, 727
List the prime factors of 247703857.
31, 199, 40153
List the prime factors of 250033834.
2, 125016917
List the prime factors of 826149333.
3, 275383111
List the prime factors of 233044455.
3, 5, 7, 2219471
List the prime factors of 41008719.
3, 257, 53189
What are the prime factors of 64056182?
2, 19, 59, 28571
List the prime factors of 62005706.
2, 7, 131, 33809
List the prime factors of 37997192.
2, 29, 163781
What are the prime factors of 2018945742?
2, 3, 11, 31, 109, 823
What are the prime factors of 1191979117?
7, 19, 23, 389663
What are the prime factors of 91281092?
2, 7, 17, 19, 10093
What are the prime factors of 144353891?
11, 13123081
List the prime factors of 902614595.
5, 180522919
List the prime factors of 1263181479.
3, 7, 60151499
What are the prime factors of 1781508106?
2, 7, 29, 307, 14293
What are the prime factors of 44971427?
44971427
List the prime factors of 340469263.
340469263
List the prime factors of 133878997.
7, 19, 1006609
List the prime factors of 2282332096.
2, 11, 31, 104579
What are the prime factors of 44751020?
2, 5, 2237551
List the prime factors of 186479521.
41, 443, 10267
What are the prime factors of 4356195507?
3, 223, 2170501
List the prime factors of 85882098.
2, 3, 14313683
What are the prime factors of 761987025?
3, 5, 3386609
List the prime factors of 3918196836.
2, 3, 108838801
List the prime factors of 2281345759.
7, 11, 293, 101119
What are the prime factors of 227362859?
97, 997, 2351
List the prime factors of 4744745936.
2, 7, 42363803
List the prime factors of 77477335.
5, 13, 631, 1889
What are the prime factors of 170512006?
2, 7, 17, 59, 12143
List the prime factors of 588457716.
2, 3, 7, 11, 83, 7673
List the prime factors of 431225969.
29, 521, 28541
List the prime factors of 38513090.
2, 5, 7, 11, 4547
What are the prime factors of 63255938?
2, 31627969
What are the prime factors of 63925208?
2, 53, 150767
What are the prime factors of 211275465?
3, 5, 14085031
What are the prime factors of 368031864?
2, 3, 157, 97673
What are the prime factors of 838611158?
2, 7, 11, 5445527
List the prime factors of 6643214101.
69383, 95747
List the prime factors of 1377102531.
3, 7, 65576311
List the prime factors of 3295642987.
7, 13, 5437, 6661
List the prime factors of 102231037.
37, 2763001
List the prime factors of 4273332493.
4273332493
List the prime factors of 20791371.
3, 2339, 2963
List the prime factors of 136372458.
2, 3, 1097, 20719
List the prime factors of 190169139.
3, 109, 581557
List the prime factors of 674286901.
674286901
What are the prime factors of 43538297?
11, 223, 17749
What are the prime factors of 773629612?
2, 7, 19, 1454191
List the prime factors of 26279764.
2, 7, 938563
What are the prime factors of 2079784951?
131, 15876221
List the prime factors of 309736997.
309736997
What are the prime factors of 3464950715?
5, 692990143
What are the prime factors of 28422854?
2, 127, 317, 353
What are the prime factors of 4856739145?
5, 11503, 84443
List the prime factors of 5756852852.
2, 1439213213
What are the prime factors of 85076140?
2, 5, 29, 146683
List the prime factors of 169471120.
2, 5, 7, 13, 23279
List the prime factors of 770720312.
2, 347, 277637
What are the prime factors of 46726583?
211, 221453
List the prime factors of 3129137349.
3, 13, 6659, 12049
What are the prime factors of 7876698671?
29, 271610299
What are the prime factors of 8742068?
2, 2185517
List the prime factors of 346093606.
2, 173046803
What are the prime factors of 53097022?
2, 11, 277, 8713
List the prime factors of 131233090.
2, 5, 1289, 10181
List the prime factors of 109806399.
3, 71, 239, 719
What are the prime factors of 1056539230?
2, 5, 105653923
What are the prime factors of 4577381407?
37, 123713011
What are the prime factors of 60755256?
2, 3, 843823
What are the prime factors of 177186761?
19, 61, 152879
What are the prime factors of 43290404?
2, 71, 313, 487
List the prime factors of 162284118.
2, 3, 107, 252779
What are the prime factors of 14870524?
2, 71, 52361
List the prime factors of 411867502.
2, 43, 827, 5791
What are the prime factors of 3863639465?
5, 7, 47, 47933
List the prime factors of 337609492.
2, 11, 7672943
List the prime factors of 428724174.
2, 3, 71454029
List the prime factors of 37071214.
2, 18535607
What are the prime f